ainder when 30616 is divided by 1699?
34
Calculate the remainder when 3657 is divided by 226.
41
Calculate the remainder when 4372 is divided by 4311.
61
Calculate the remainder when 6481 is divided by 403.
33
Calculate the remainder when 26717 is divided by 25.
17
What is the remainder when 10913 is divided by 455?
448
What is the remainder when 3350 is divided by 665?
25
What is the remainder when 902157 is divided by 179?
176
Calculate the remainder when 16119 is divided by 144.
135
Calculate the remainder when 102365 is divided by 726.
725
What is the remainder when 5267 is divided by 1480?
827
Calculate the remainder when 1083 is divided by 574.
509
Calculate the remainder when 2753 is divided by 888.
89
What is the remainder when 10435 is divided by 10435?
0
Calculate the remainder when 4938 is divided by 309.
303
Calculate the remainder when 43012 is divided by 355.
57
Calculate the remainder when 5107 is divided by 1266.
43
What is the remainder when 36628 is divided by 229?
217
What is the remainder when 101812 is divided by 50878?
56
What is the remainder when 6279 is divided by 40?
39
Calculate the remainder when 271823 is divided by 111.
95
What is the remainder when 47990 is divided by 15990?
20
Calculate the remainder when 14911 is divided by 1147.
0
What is the remainder when 362 is divided by 346?
16
What is the remainder when 1124 is divided by 100?
24
Calculate the remainder when 158653 is divided by 1482.
79
Calculate the remainder when 3249 is divided by 647.
14
Calculate the remainder when 360725 is divided by 59.
58
What is the remainder when 13466 is divided by 666?
146
Calculate the remainder when 17124 is divided by 13.
3
Calculate the remainder when 118022 is divided by 29449.
226
What is the remainder when 13553 is divided by 424?
409
What is the remainder when 1638 is divided by 322?
28
Calculate the remainder when 29768 is divided by 3690.
248
Calculate the remainder when 376248 is divided by 86.
84
What is the remainder when 537330 is divided by 29?
18
What is the remainder when 524772 is divided by 76?
68
Calculate the remainder when 4797555 is divided by 551.
549
What is the remainder when 15410 is divided by 11?
10
Calculate the remainder when 4120 is divided by 934.
384
What is the remainder when 2406 is divided by 39?
27
Calculate the remainder when 1065 is divided by 101.
55
Calculate the remainder when 683 is divided by 48.
11
What is the remainder when 168957 is divided by 50?
7
Calculate the remainder when 5181 is divided by 88.
77
What is the remainder when 3190 is divided by 454?
12
Calculate the remainder when 539525 is divided by 26.
25
Calculate the remainder when 25427 is divided by 498.
29
Calculate the remainder when 4182 is divided by 327.
258
What is the remainder when 8355 is divided by 301?
228
What is the remainder when 1113468 is divided by 24?
12
What is the remainder when 28110 is divided by 190?
180
What is the remainder when 503303 is divided by 268?
267
What is the remainder when 40955 is divided by 61?
24
What is the remainder when 14211 is divided by 6320?
1571
What is the remainder when 480966 is divided by 236?
234
Calculate the remainder when 450508 is divided by 8.
4
What is the remainder when 5807 is divided by 1852?
251
Calculate the remainder when 862 is divided by 17.
12
Calculate the remainder when 100036 is divided by 1062.
208
What is the remainder when 23206 is divided by 79?
59
What is the remainder when 25595 is divided by 449?
2
What is the remainder when 1654 is divided by 306?
124
Calculate the remainder when 3239 is divided by 625.
114
What is the remainder when 4057 is divided by 275?
207
What is the remainder when 1659 is divided by 710?
239
What is the remainder when 976 is divided by 894?
82
Calculate the remainder when 26738 is divided by 13365.
8
What is the remainder when 442 is divided by 136?
34
What is the remainder when 294333 is divided by 448?
445
Calculate the remainder when 106374 is divided by 598.
528
Calculate the remainder when 2691 is divided by 675.
666
Calculate the remainder when 547951 is divided by 32.
15
What is the remainder when 248533 is divided by 4285?
3
What is the remainder when 102 is divided by 87?
15
Calculate the remainder when 8760 is divided by 184.
112
What is the remainder when 4521683 is divided by 205?
203
Calculate the remainder when 25824 is divided by 25811.
13
What is the remainder when 2088 is divided by 260?
8
Calculate the remainder when 49746 is divided by 9947.
11
Calculate the remainder when 607818 is divided by 16.
10
What is the remainder when 15772 is divided by 5247?
31
Calculate the remainder when 1492 is divided by 283.
77
What is the remainder when 332721 is divided by 191?
190
Calculate the remainder when 1949 is divided by 626.
71
Calculate the remainder when 257 is divided by 150.
107
What is the remainder when 4472 is divided by 296?
32
What is the remainder when 688 is divided by 644?
44
Calculate the remainder when 832 is divided by 37.
18
What is the remainder when 1345 is divided by 83?
17
What is the remainder when 1619 is divided by 80?
19
What is the remainder when 12113 is divided by 195?
23
Calculate the remainder when 199596 is divided by 742.
740
What is the remainder when 156867 is divided by 1634?
3
Calculate the remainder when 2844 is divided by 121.
61
Calculate the remainder when 4941 is divided by 981.
36
Calculate the remainder when 8394 is divided by 11.
1
What is the remainder when 46171 is divided by 11533?
39
What is the remainder when 5657 is divided by 759?
344
Calculate the remainder when 241350 is divided by 138.
126
What is the remainder when 2634 is divided by 78?
60
Calculate the remainder when 153076 is divided by 890.
886
Calculate the remainder when 602753 is divided by 26.
21
What is the remainder when 79713 is divided by 85?
68
Calculate the remainder when 25937 is divided by 262.
261
Calculate the remainder when 113 is divided by 13.
9
What is the remainder when 9400 is divided by 9352?
48
Calculate the remainder when 10881 is divided by 31.
0
Calculate the remainder when 511217 is divided by 1356.
5
What is the remainder when 212130 is divided by 3313?
98
Calculate the remainder when 862932 is divided by 391.
386
What is the remainder when 38918 is divided by 3241?
26
Calculate the remainder when 5348 is divided by 106.
48
Calculate the remainder when 83995 is divided by 2.
1
Calculate the remainder when 126867 is divided by 46.
45
What is the remainder when 26479 is divided by 5215?
404
What is the remainder when 15654 is divided by 237?
12
What is the remainder when 4482 is divided by 3496?
986
Calculate the remainder when 3271 is divided by 645.
46
What is the remainder when 10186 is divided by 1993?
221
Calculate the remainder when 361643 is divided by 62.
59
What is the remainder when 156947 is divided by 451?
450
Calculate the remainder when 93651 is divided by 11.
8
What is the remainder when 3708 is divided by 3707?
1
Calculate the remainder when 205360 is divided by 94.
64
What is the remainder when 28373 is divided by 53?
18
What is the remainder when 22487 is divided by 5620?
7
What is the remainder when 73155 is divided by 567?
12
What is the remainder when 313950 is divided by 58?
54
Calculate the remainder when 9680987 is divided by 291.
290
Calculate the remainder when 503004 is divided by 157.
133
Calculate the remainder when 2113 is divided by 283.
132
Calculate the remainder when 20627 is divided by 19696.
931
What is the remainder when 125837 is divided by 572?
569
Calculate the remainder when 54253 is divided by 18049.
106
Calculate the remainder when 91428 is divided by 223.
221
Calculate the remainder when 4436 is divided by 117.
107
What is the remainder when 79512 is divided by 155?
152
What is the remainder when 1930 is divided by 496?
442
Calculate the remainder when 8107 is divided by 165.
22
What is the remainder when 8231 is divided by 2698?
137
Calculate the remainder when 72236 is divided by 1538.
1488
Calculate the remainder when 12765 is divided by 4851.
3063
Calculate the remainder when 12268 is divided by 11974.
294
Calculate the remainder when 42428 is divided by 136.
132
What is the remainder when 18562 is divided by 37?
25
Wha